ANNUAL CLIMATOLOGICAL SUMMARY for 2013
NAME: TheHendre  CITY: The Hendre   STATE: Monmouth  
ELEV:    77 m  LAT:  51 49' 43" N  LONG:   2 47' 44" W
               TEMPERATURE (C), HEAT BASE 18.3, COOL BASE 18.3
                          DEP.  HEAT  COOL                                          
        MEAN  MEAN        FROM  DEG   DEG                        MAX  MAX  MIN  MIN 
 YR MO  MAX   MIN   MEAN  NORM  DAYS  DAYS  HI  DATE  LOW  DATE  >=32 <=0  <=0  <=-18 
------------------------------------------------------------------------------------
 13  1   7.8   2.8   5.3   0.0   402     0  13.8  29  -5.6   25    0    0   11    0
 13  2   7.1   1.1   4.1   0.0   397     0  12.3  14  -2.4   19    0    0    9    0
 13  3   6.6   0.2   3.4   0.0   462     0  13.2   5  -4.8   14    0    0   17    0
 13  4  11.4   3.1   7.3   0.0   331     0  17.7  23  -3.7    7    0    0    6    0
 13  5  15.2   5.0  10.1   0.0   255     0  22.1  31   0.1    1    0    0    0    0
 13  6  18.8   9.5  14.2   0.0   124     0  24.3  19   3.8   25    0    0    0    0
 13  7  24.8  13.1  18.9   0.0    20    39  30.0  13   8.8    5    0    0    0    0
 13  8  21.7  11.9  16.8   0.0    57    11  29.2   1   7.4   31    0    0    0    0
 13  9  19.4  10.0  14.7   0.0   109     1  26.0   4   4.6   15    0    0    0    0
 13 10  16.7  10.0  13.3   0.0   155     0  21.6   4   1.9   30    0    0    0    0
 13 11  10.5   2.9   6.7   0.0   348     0  16.7  11  -3.5   19    0    0    8    0
 13 12  10.4   3.4   6.9   0.0   354     0  13.8  16  -1.3    5    0    0    5    0
------------------------------------------------------------------------------------
        14.3   6.1  10.2   0.0  3012    51  30.0 JUL  -5.6  JAN    0    0   56    0
                                PRECIPITATION (mm)
               DEP.   MAX        DAYS OF RAIN 
               FROM   OBS.          OVER
 YR MO  TOTAL  NORM   DAY  DATE  .2   2   20
---------------------------------------------
 13  1  66.0  -18.7  11.7   25   21   10    0
 13  2  30.5  -28.3   9.9   10   14    6    0
 13  3  71.6   12.5  12.4   22   16    8    0
 13  4  31.0  -22.9   6.1   14   13    7    0
 13  5  76.5   16.7  20.1   14   15    7    1
 13  6  24.1  -27.6   6.3   15   11    4    0
 13  7  33.8  -17.4  11.7   27   10    5    0
 13  8  49.3  -13.8  14.0    5   14    5    0
 13  9  55.1  -10.5  16.8   13   15    8    0
 13 10 181.4  100.9  20.3   21   23   18    1
 13 11  49.5  -32.3  10.7    3   20   10    0
 13 12 142.5   58.5  35.8   23   22   16    2
---------------------------------------------
       811.3  17.1  35.8  DEC  194  104    4
                                WIND SPEED (mph)
                          DOM
 YR MO   AVG.  HI   DATE  DIR
---------------------------------
 13  1   2.7  47.0   28   SSW
 13  2   2.3  33.0    5     N
 13  3   2.9  31.0   11     N
 13  4   5.1  45.0   17     N
 13  5   3.8  39.0    9     N
 13  6   3.4  34.0   14     N
 13  7   2.5  29.0   28   NNE
 13  8   2.7  26.0    4     S
 13  9   1.5  26.0   15   NNE
 13 10   4.2  37.0   27     S
 13 11   2.2  46.0    2     N
 13 12   6.0  52.0   23   SSW
---------------------------------
         3.3  52.0  DEC    N