ANNUAL CLIMATOLOGICAL SUMMARY 2014
NAME: TheHendre  CITY: The Hendre   STATE: Monmouth  
ELEV:    77 m  LAT:  51 49' 43" N  LONG:   2 47' 44" W
               TEMPERATURE (C), HEAT BASE 18.3, COOL BASE 18.3
                          DEP.  HEAT  COOL                                          
        MEAN  MEAN        FROM  DEG   DEG                        MAX  MAX  MIN  MIN 
 YR MO  MAX   MIN   MEAN  NORM  DAYS  DAYS  HI  DATE  LOW  DATE  >=32 <=0  <=0  <=-18 
------------------------------------------------------------------------------------
 14  1  10.0   3.8   6.9   0.0   353     0  13.2   5  -1.8   12    0    0    2    0
 14  2   9.4   3.9   6.6   0.0   327     0  12.8  20  -0.1   28    0    0    1    0
 14  3  12.4   3.6   8.0   0.0   319     0  18.8  30  -2.5   24    0    0    4    0
 14  4  15.0   6.5  10.7   0.0   227     0  18.7  21   0.6   19    0    0    0    0
 14  5  17.2   8.5  12.8   0.0   169     0  24.2  19   3.9    5    0    0    0    0
 14  6  20.9  10.7  15.8   0.0    75     0  24.7  22   7.6    1    0    0    0    0
 14  7  23.4  12.0  17.7   0.0    39    20  28.0  26   8.2   14    0    0    0    0
 14  8  20.1  10.5  15.3   0.0    95     2  23.8   6   5.3   21    0    0    0    0
 14  9  21.0  10.8  15.9   0.0    74     3  23.7   1   4.8   23    0    0    0    0
 14 10  16.5   9.5  13.0   0.0   165     0  20.4   3   3.1    5    0    0    0    0
 14 11  11.5   5.7   8.6   0.0   290     0  15.2  22  -1.8   25    0    0    2    0
 14 12   9.2   2.2   5.7   0.0   390     0  13.5  18  -4.8   29    0    0   12    0
------------------------------------------------------------------------------------
        15.6   7.3  11.5   0.0  2524    25  28.0 JUL  -4.8  DEC    0    0   21    0
                                PRECIPITATION (mm)
               DEP.   MAX        DAYS OF RAIN 
               FROM   OBS.          OVER
 YR MO  TOTAL  NORM   DAY  DATE  .2   2   20
---------------------------------------------
 14  1 187.5  102.8  30.0    1   30   21    1
 14  2 167.6  108.8  17.8   12   26   17    0
 14  3  37.8  -21.3   8.4    2   18    5    0
 14  4  58.4    4.5  10.2   21   17   10    0
 14  5  90.2   30.4  21.6   23   21   10    1
 14  6  54.1    2.4  24.6    4   10    7    1
 14  7  27.7  -23.5  11.7   19   10    5    0
 14  8  93.2   30.1  28.4   10   20    9    1
 14  9   8.6  -57.0   3.3   18    8    2    0
 14 10  89.7    9.2  15.7    6   24   11    0
 14 11 108.5   26.7  13.0   10   26   15    0
 14 12  35.6  -48.4   9.1   11   14    6    0
---------------------------------------------
       958.8 164.6  30.0  JAN  224  118    4
                                WIND SPEED (mph)
                          DOM
 YR MO   AVG.  HI   DATE  DIR
---------------------------------
 14  1   5.9  44.0    3     S
 14  2   9.2  53.0   12     S
 14  3   4.1  35.0   20     N
 14  4   3.2  38.0   26     N
 14  5   3.5  39.0   10     S
 14  6   1.7  28.0   10   NNE
 14  7   1.9  28.0    4   NNE
 14  8   3.0  29.0   11   WSW
 14  9   0.9  18.0   25   NNE
 14 10   4.4  38.0   19   SSW
 14 11   2.9  39.0   13     N
 14 12   3.8  34.0    9   WSW
---------------------------------
         3.7  53.0  FEB    S