ANNUAL CLIMATOLOGICAL SUMMARY
NAME: TheHendre  CITY: The Hendre   STATE: Monmouth  
ELEV:    77 m  LAT:  51 49' 43" N  LONG:   2 47' 44" W
               TEMPERATURE (C), HEAT BASE 18.3, COOL BASE 18.3
                          DEP.  HEAT  COOL                                          
        MEAN  MEAN        FROM  DEG   DEG                        MAX  MAX  MIN  MIN 
 YR MO  MAX   MIN   MEAN  NORM  DAYS  DAYS  HI  DATE  LOW  DATE  >=32 <=0  <=0  <=-18 
------------------------------------------------------------------------------------
 15  1   8.7   1.6   5.1   0.0   408     0  14.1   9  -3.1   19    0    0   12    0
 15  2   7.6   1.1   4.3   0.0   391     0  13.6  25  -3.7    1    0    0   10    0
 15  3  10.6   2.4   6.5   0.0   365     0  15.0   7  -1.3    5    0    0    5    0
 15  4  15.4   4.4   9.9   0.0   252     0  21.3  15  -1.4   27    0    0    1    0
 15  5  15.5   6.6  11.1   0.0   224     0  20.8  22   2.8   20    0    0    0    0
 15  6  19.4   9.8  14.6   0.0   109     3  28.8  30   5.1    8    0    0    0    0
 15  7  20.7  11.3  16.0   0.0    77     5  29.6   1   5.4   31    0    0    0    0
 15  8  20.0  11.4  15.7   0.0    85     4  25.2  22   7.5   16    0    0    0    0
 15  9  17.8   8.2  13.0   0.0   159     0  21.6  10   4.2   26    0    0    0    0
 15 10  14.9   8.0  11.5   0.0   212     0  19.2   5   3.1   25    0    0    0    0
 15 11  13.4   7.5  10.5   0.0   236     0  16.5   7  -2.2   23    0    0    3    0
 15 12  12.8   7.8  10.3   0.0   247     0  15.2   6   1.4   11    0    0    0    0
------------------------------------------------------------------------------------
        14.8   6.7  10.7   0.0  2766    12  29.6 JUL  -3.7  FEB    0    0   31    0
                                PRECIPITATION (mm)
               DEP.   MAX        DAYS OF RAIN 
               FROM   OBS.          OVER
 YR MO  TOTAL  NORM   DAY  DATE  .2   2   20
---------------------------------------------
 15  1  80.8   -3.9  19.0   14   26   10    0
 15  2  34.5  -24.3  12.7   13   14    6    0
 15  3  42.4  -16.7  14.7   13   15    7    0
 15  4  11.4  -42.5   4.6   29    9    2    0
 15  5  81.8   22.0  20.8    5   16    8    1
 15  6  22.6  -29.1  11.7    1    6    3    0
 15  7  46.2   -5.0  18.8   24   18    5    0
 15  8 106.4   43.3  31.8   14   19    9    1
 15  9  32.3  -33.3   8.4   14   14    6    0
 15 10  56.9  -23.6  16.5   21   12    7    0
 15 11  75.2   -6.6  19.6    7   24   13    0
 15 12 127.4   43.4  15.0    3   26   20    0
---------------------------------------------
       718.0 -76.2  31.8  AUG  199   96    2
                                WIND SPEED (mph)
                          DOM
 YR MO   AVG.  HI   DATE  DIR
---------------------------------
 15  1   4.8  40.0    9   SSW
 15  2   3.1  34.0   22     N
 15  3   4.2  47.0   30     N
 15  4   2.9  33.0   12     N
 15  5   3.7  41.0    5   WSW
 15  6   2.7  34.0    1     W
 15  7   3.1  30.0    7   WSW
 15  8   2.8  28.0   25     S
 15  9   1.2  26.0   14   NNE
 15 10   1.5  29.0   30   NNE
 15 11   5.0  48.0   17    SW
 15 12   7.5  52.0   30   SSW
---------------------------------
         3.6  52.0  DEC  SSW